{"id":34,"date":"2016-11-19T16:06:29","date_gmt":"2016-11-19T16:06:29","guid":{"rendered":"http:\/\/haghulta.se\/?page_id=34"},"modified":"2026-04-19T14:08:19","modified_gmt":"2026-04-19T14:08:19","slug":"hem","status":"publish","type":"page","link":"https:\/\/haghulta.se\/","title":{"rendered":"Hem"},"content":{"rendered":"<div id=\"pl-34\"  class=\"panel-layout\" ><div id=\"pg-34-0\"  class=\"panel-grid panel-has-style\" ><div class=\"panel-row-style panel-row-style-for-34-0\" ><div id=\"pgc-34-0-0\"  class=\"panel-grid-cell\" ><div id=\"panel-34-0-0-0\" class=\"so-panel widget widget_black-studio-tinymce widget_black_studio_tinymce panel-first-child panel-last-child\" data-index=\"0\" ><div class=\"panel-widget-style panel-widget-style-for-34-0-0-0\" ><div class=\"textwidget\"><h2 style=\"text-align: center;\">Haghultas V\u00e5rdag den 9:e maj<\/h2>\n<p style=\"font-weight: 400;text-align: center;\">Samling vid grillen nere p\u00e5 \u00e4ngen 9:30 och vi h\u00e5ller p\u00e5 en bit in p\u00e5 eftermiddagen. Runt 12 tar vi en paus d\u00e5 det bjuds p\u00e5 grillad korv, dricka och kaffe.<\/p>\n<p style=\"font-weight: 400;text-align: center;\">Det kommer finnas en hel del att ta tag i s\u00e5 vi hoppas att m\u00e5nga kan delta. Arbetsuppgifter kommer f\u00f6rdelas vid samlingen.<\/p>\n<p class=\"MsoNormal\" style=\"text-align: center;margin: 0cm; font-size: medium; font-family: Aptos, sans-serif; caret-color: #000000; color: #000000;\"><b>V\u00e5rdagen \u00e4r till f\u00f6r v\u00e5ra gemensamma omr\u00e5den d\u00e4r alla som bor i samf\u00e4lligheten g\u00f6r en insats som vi annars skulle beh\u00f6va k\u00f6pa in externt. <\/b><\/p>\n<p class=\"MsoNormal\" style=\"text-align: center;margin: 0cm; font-size: medium; font-family: Aptos, sans-serif; caret-color: #000000; color: #000000;\"><b>Som en bonus st\u00e4rker vi gemenskapen i omr\u00e5det och l\u00e4r k\u00e4nna v\u00e5ra grannar.\u00a0<o:p><\/o:p><\/b><\/p>\n<br>\n<h2 style=\"text-align: center;\">\u00c5rsm\u00f6te 2026<\/h2>\n<p style=\"text-align: center;\">Protokollet och \u00f6vriga dokument fr\u00e5n m\u00f6tet hittar du h\u00e4r: <a href=\"https:\/\/haghulta.se\/index.php\/motesdokument-arsmote-2026\/\"><span>M\u00f6tesdokument \u00e5rsm\u00f6te 2026<\/span><\/a><\/p>\n<\/div><\/div><\/div><\/div><\/div><\/div><div id=\"pg-34-1\"  class=\"panel-grid panel-has-style\" ><div class=\"siteorigin-panels-stretch panel-row-style panel-row-style-for-34-1\" data-stretch-type=\"full\" ><div id=\"pgc-34-1-0\"  class=\"panel-grid-cell panel-grid-cell-empty\" ><\/div><\/div><\/div><\/div>","protected":false},"excerpt":{"rendered":"<p>Haghultas V\u00e5rdag den 9:e maj Samling vid grillen nere p\u00e5 \u00e4ngen 9:30 och vi h\u00e5ller p\u00e5 en bit in p\u00e5 eftermiddagen. Runt 12 tar vi en paus d\u00e5 det bjuds p\u00e5 grillad korv, dricka och kaffe. Det kommer finnas en hel del att ta tag i s\u00e5 vi hoppas att [&hellip;]<\/p>\n","protected":false},"author":1,"featured_media":0,"parent":0,"menu_order":0,"comment_status":"closed","ping_status":"closed","template":"","meta":{"_themeisle_gutenberg_block_has_review":false,"footnotes":""},"class_list":["post-34","page","type-page","status-publish","hentry"],"_links":{"self":[{"href":"https:\/\/haghulta.se\/index.php\/wp-json\/wp\/v2\/pages\/34","targetHints":{"allow":["GET"]}}],"collection":[{"href":"https:\/\/haghulta.se\/index.php\/wp-json\/wp\/v2\/pages"}],"about":[{"href":"https:\/\/haghulta.se\/index.php\/wp-json\/wp\/v2\/types\/page"}],"author":[{"embeddable":true,"href":"https:\/\/haghulta.se\/index.php\/wp-json\/wp\/v2\/users\/1"}],"replies":[{"embeddable":true,"href":"https:\/\/haghulta.se\/index.php\/wp-json\/wp\/v2\/comments?post=34"}],"version-history":[{"count":193,"href":"https:\/\/haghulta.se\/index.php\/wp-json\/wp\/v2\/pages\/34\/revisions"}],"predecessor-version":[{"id":2466,"href":"https:\/\/haghulta.se\/index.php\/wp-json\/wp\/v2\/pages\/34\/revisions\/2466"}],"wp:attachment":[{"href":"https:\/\/haghulta.se\/index.php\/wp-json\/wp\/v2\/media?parent=34"}],"curies":[{"name":"wp","href":"https:\/\/api.w.org\/{rel}","templated":true}]}}

<div id="pl-34"  class="panel-layout" ><div id="pg-34-0"  class="panel-grid panel-has-style" ><div class="panel-row-style panel-row-style-for-34-0" ><div id="pgc-34-0-0"  class="panel-grid-cell" ><div id="panel-34-0-0-0" class="so-panel widget widget_black-studio-tinymce widget_black_studio_tinymce panel-first-child panel-last-child" data-index="0" ><div class="panel-widget-style panel-widget-style-for-34-0-0-0" ><div class="textwidget"><h2 style="text-align: center;">Haghultas Vårdag den 9:e maj</h2>
<p style="font-weight: 400;text-align: center;">Samling vid grillen nere på ängen 9:30 och vi håller på en bit in på eftermiddagen. Runt 12 tar vi en paus då det bjuds på grillad korv, dricka och kaffe.</p>
<p style="font-weight: 400;text-align: center;">Det kommer finnas en hel del att ta tag i så vi hoppas att många kan delta. Arbetsuppgifter kommer fördelas vid samlingen.</p>
<p class="MsoNormal" style="text-align: center;margin: 0cm; font-size: medium; font-family: Aptos, sans-serif; caret-color: #000000; color: #000000;"><b>Vårdagen är till för våra gemensamma områden där alla som bor i samfälligheten gör en insats som vi annars skulle behöva köpa in externt. </b></p>
<p class="MsoNormal" style="text-align: center;margin: 0cm; font-size: medium; font-family: Aptos, sans-serif; caret-color: #000000; color: #000000;"><b>Som en bonus stärker vi gemenskapen i området och lär känna våra grannar. <o:p></o:p></b></p>
<br>
<h2 style="text-align: center;">Årsmöte 2026</h2>
<p style="text-align: center;">Protokollet och övriga dokument från mötet hittar du här: <a href="https://haghulta.se/index.php/motesdokument-arsmote-2026/"><span>Mötesdokument årsmöte 2026</span></a></p>
</div></div></div></div></div></div><div id="pg-34-1"  class="panel-grid panel-has-style" ><div class="siteorigin-panels-stretch panel-row-style panel-row-style-for-34-1" data-stretch-type="full" ><div id="pgc-34-1-0"  class="panel-grid-cell panel-grid-cell-empty" ></div></div></div></div>

<p>Haghultas Vårdag den 9:e maj Samling vid grillen nere på ängen 9:30 och vi håller på en bit in på eftermiddagen. Runt 12 tar vi en paus då det bjuds på grillad korv, dricka och kaffe. Det kommer finnas en hel del att ta tag i så vi hoppas att [&hellip;]</p>
